ons digit of 1048859519?
0
What is the units digit of 5805473983?
3
What is the thousands digit of 988963750?
3
What is the ten millions digit of 129607329?
2
What is the hundreds digit of 11778935?
9
What is the ten thousands digit of 4326137?
2
What is the units digit of 243931041?
1
What is the hundreds digit of 105045892?
8
What is the tens digit of 6051001960?
6
What is the tens digit of 751332831?
3
What is the hundred thousands digit of 30246795?
2
What is the thousands digit of 248866809?
6
What is the tens digit of 586419886?
8
What is the thousands digit of 124297718?
7
What is the ten thousands digit of 827417004?
1
What is the billions digit of 1057608530?
1
What is the hundred thousands digit of 113248682?
2
What is the hundred thousands digit of 2137030227?
0
What is the ten millions digit of 55785404?
5
What is the units digit of 7965534?
4
What is the thousands digit of 3053992966?
2
What is the hundred thousands digit of 261935848?
9
What is the ten millions digit of 79532029?
7
What is the hundreds digit of 77464503?
5
What is the hundred millions digit of 476398651?
4
What is the hundred thousands digit of 162094435?
0
What is the thousands digit of 909251307?
1
What is the ten millions digit of 20798274?
2
What is the units digit of 233317155?
5
What is the ten millions digit of 1538185790?
3
What is the hundred millions digit of 1299845644?
2
What is the ten thousands digit of 59504012?
0
What is the millions digit of 287787893?
7
What is the ten thousands digit of 543475095?
7
What is the tens digit of 6867818980?
8
What is the billions digit of 1284651146?
1
What is the hundred thousands digit of 209376751?
3
What is the hundreds digit of 578998850?
8
What is the hundred thousands digit of 8318672?
3
What is the tens digit of 402228190?
9
What is the hundred thousands digit of 1320787272?
7
What is the millions digit of 166392810?
6
What is the millions digit of 1258540412?
8
What is the ten millions digit of 76905064?
7
What is the thousands digit of 3614955325?
5
What is the units digit of 6402817587?
7
What is the hundreds digit of 15010730?
7
What is the millions digit of 1471015947?
1
What is the units digit of 1491928025?
5
What is the millions digit of 945057032?
5
What is the ten millions digit of 17171138?
1
What is the units digit of 522903999?
9
What is the hundreds digit of 786282727?
7
What is the ten millions digit of 339068941?
3
What is the thousands digit of 87312604?
2
What is the millions digit of 238806918?
8
What is the hundred millions digit of 106257232?
1
What is the ten thousands digit of 3915960?
1
What is the ten millions digit of 74011426?
7
What is the hundred thousands digit of 423065709?
0
What is the millions digit of 86601460?
6
What is the units digit of 6529447577?
7
What is the tens digit of 4641316?
1
What is the thousands digit of 175322448?
2
What is the billions digit of 2846607183?
2
What is the hundred millions digit of 344145556?
3
What is the thousands digit of 887210436?
0
What is the hundred millions digit of 798069401?
7
What is the hundred thousands digit of 136265663?
2
What is the thousands digit of 2824501292?
1
What is the tens digit of 1736077265?
6
What is the millions digit of 218703020?
8
What is the hundreds digit of 2071829362?
3
What is the hundred millions digit of 1868536480?
8
What is the hundreds digit of 386287703?
7
What is the thousands digit of 42474474?
4
What is the units digit of 203607062?
2
What is the hundred thousands digit of 2472401326?
4
What is the hundred millions digit of 2111260215?
1
What is the millions digit of 1398833937?
8
What is the hundred millions digit of 191609992?
1
What is the hundreds digit of 15346139?
1
What is the millions digit of 363879634?
3
What is the ten thousands digit of 2669052401?
5
What is the units digit of 2007112481?
1
What is the thousands digit of 1307079074?
9
What is the ten millions digit of 192609391?
9
What is the units digit of 689738730?
0
What is the tens digit of 6095171965?
6
What is the ten thousands digit of 4234021232?
2
What is the ten thousands digit of 2221547630?
4
What is the millions digit of 34785461?
4
What is the hundreds digit of 53541169?
1
What is the units digit of 154661433?
3
What is the hundreds digit of 170699643?
6
What is the hundred millions digit of 209793602?
2
What is the millions digit of 951554434?
1
What is the millions digit of 3901980959?
1
What is the thousands digit of 39225259?
5
What is the units digit of 100931568?
8
What is the ten thousands digit of 35737017?
3
What is the ten thousands digit of 1092681783?
8
What is the millions digit of 11906069?
1
What is the millions digit of 1694280?
1
What is the tens digit of 270858780?
8
What is the hundreds digit of 666705070?
0
What is the thousands digit of 111298308?
8
What is the billions digit of 1166656988?
1
What is the hundred thousands digit of 260904212?
9
What is the billions digit of 2659264375?
2
What is the hundred thousands digit of 1979197008?
1
What is the ten thousands digit of 4653710004?
1
What is the hundreds digit of 449928666?
6
What is the ten thousands digit of 420374642?
7
What is the billions digit of 2534172418?
2
What is the ten thousands digit of 858613658?
1
What is the hundreds digit of 16347726?
7
What is the hundred thousands digit of 15181039?
1
What is the millions digit of 26576596?
6
What is the hundred thousands digit of 76027040?
0
What is the ten thousands digit of 3415865485?
6
What is the thousands digit of 201968286?
8
What is the units digit of 930580893?
3
What is the ten thousands digit of 156335264?
3
What is the hundred millions digit of 676832868?
6
What is the hundreds digit of 316697336?
3
What is the hundred millions digit of 907783259?
9
What is the tens digit of 6837662859?
5
What is the millions digit of 102463069?
2
What is the hundred millions digit of 151296587?
1
What is the ten millions digit of 51988544?
5
What is the millions digit of 109282006?
9
What is the hundred thousands digit of 5285348737?
3
What is the ten millions digit of 16875632?
1
What is the millions digit of 80854922?
0
What is the thousands digit of 5683158?
3
What is the hundred millions digit of 464144407?
4
What is the thousands digit of 8954957?
4
What is the hundred millions digit of 281686366?
2
What is the ten millions digit of 9418695273?
1
What is the hundred millions digit of 4949346561?
9
What is the ten millions digit of 3298324743?
9
What is the billions digit of 1033340057?
1
What is the tens digit of 936987611?
1
What is the hundreds digit of 32709576?
5
What is the hundreds digit of 353813868?
8
What is the ten millions digit of 243148677?
4
What is the ten thousands digit of 51791653?
9
What is the hundred thousands digit of 44916219?
9
What is the ten thousands digit of 10977080?
7
What is the ten millions digit of 26983123?
2
What is the ten millions digit of 2011172472?
1
What is the hundred thousands digit of 56521055?
5
What is the thousands digit of 320903323?
3
What is the hundred thousands digit of 4660251?
6
What is the hundred thousands digit of 201233817?
2
What is the ten millions digit of 1969966584?
6
What is the hundred millions digit of 201297005?
2
What is the hundred thousands digit of 23022422?
0
What is the ten millions digit of 57287038?
5
What is the hundred thousands digit of 383217586?
2
What is the units digit of 5422096?
6
What is the units digit of 1358231080?
0
What is the thousands digit of 14470737?
0
What is the hundred millions digit of 3839374086?
8
What is the ten millions digit of 1045283797?
4
What is the tens digit of 772242480?
8
What is the millions digit of 58661302?
8
What is the hundreds digit of 32423540?
5
What is the thousands digit of 39158568?
8
What is the hundred thousands digit of 2865616794?
6
What is the tens digit of 171274221?
2
What is the tens digit of 752340860?
6
What is the ten thousands digit of 297785765?
8
What is the tens digit of 22275647?
4
What is the tens digit of 1367039449?
4
What is the hundred millions digit of 5530006675?
5
What is the tens digit of 224300734?
3
What is the hundred thousands digit of 622666074?
6
What is the hundred millions digit of 754769841?
7
What is the hundred millions digit o